ve of 1/2*y**4 + 0*y + 0 + 125/6*y**3 + 10*y**2. What is the hundreds digit of k(0)?
1
What is the thousands digit of 9/(-30)*(-12066880)/384 - 1/4?
9
Let z be (-10)/((-40)/(-6))*-2. Suppose q = z*c - 119, 53 = c - 22*q + 19*q. What is the units digit of c?
8
Let k = -20 + 28. Suppose -7*p + 30 = -k*p. What is the tens digit of (-855)/p*(-8)/(-6)?
3
Let n = -1027 + 2445. What is the tens digit of n/4 - (-21)/(-14)?
5
Let x = 11 - 13. Let u(h) = 2 - 27*h + 28*h - 16*h**2 + 23*h**2. What is the units digit of u(x)?
8
Suppose -3*x = 2*s - 15, 2*x = 3*s + x - 28. Let q = s - -36. Suppose 5*t - 200 + q = 0. What is the tens digit of t?
3
Let t(i) = 5*i - 21. Let c be t(-1). Let l = 160 + c. What is the hundreds digit of l?
1
Suppose -q - 47 = -y, 5*q - 4*y - 32 = 6*q. Let k = 35 + q. What is the units digit of 516/9 - 6/k?
8
Suppose 0 = -288*p + 1834329 + 145262 + 1540921. What is the ten thousands digit of p?
1
Suppose 5*m = 4*x + 731, 4*x - 2 = 2*x. Suppose 9 = -4*g - 5*k + 328, 0 = 5*g + 4*k - 401. Let z = m - g. What is the units digit of z?
6
Suppose 71*c - 43759800 = -619*c. What is the units digit of c?
0
Let w(o) = 77*o**2 + 13*o + 2. Let b be w(-2). Suppose -118 = 2*t + 204. Let u = t + b. What is the units digit of u?
3
Let q(i) = -2*i**2 - 8*i + 17. Let k be q(-5). Let t(p) = -k*p - 4*p + 18 - 29. What is the units digit of t(-9)?
8
Let c be (-78)/(-90) - (-6)/45 - -234. Suppose -6*p + c = -1139. What is the units digit of p?
9
Suppose 5*h - 3217 = -3*a + 59, 4*a - h = 4368. Suppose 32*b - 39*b + a = 0. What is the units digit of b?
6
Let h(q) = 2*q - 9 - 2 + 2*q**2 + 14. Let o = -1307 + 1302. What is the tens digit of h(o)?
4
Let a(w) = 23*w - 163. Let h = -288 + 309. What is the hundreds digit of a(h)?
3
Suppose -t + 2*t - 18 = 0. Suppose -t*o = -14*o - 8. What is the tens digit of o/(-7) - (-14040)/91?
5
Suppose 192*t - 218*t + 1508 = 0. Let h(x) = 6*x**3 - 2*x**2 - x - 1. Let u be h(-2). Let c = t + u. What is the units digit of c?
3
Let j = -8888 + 15594. What is the hundreds digit of j?
7
Suppose 0 = 4*p - 4*t - 12, 2*t - t + 5 = 2*p. Let d(w) = -3*w**3 - 8*w**p - 6 - 8*w - 2*w**2 + 5*w**2 + 2*w. What is the tens digit of d(-3)?
4
Suppose 4*u + 3*q = 397, 5*q + 128 = -4*u + 5*u. Suppose u = -16*l + 17*l. Let c = l + -61. What is the tens digit of c?
4
Let p(m) = 5*m**2 - 20*m + 21. Let j(a) = -2*a + 31. Let f be j(10). What is the units digit of p(f)?
6
Suppose -20*n - 41 = -181. Suppose 582 + 678 = n*l. What is the hundreds digit of l?
1
Suppose -60080 = -7*w - 4*w - 5*w. What is the hundreds digit of w?
7
Let x be 1024/(-30) + (-2)/45*-3. Let s = x + 56. Let y = 22 + s. What is the units digit of y?
4
Let k(g) = -2*g - 4. Let l be k(-8). Let w(s) be the first derivative of 2*s**3/3 - s**2 - 28*s + 193. What is the tens digit of w(l)?
3
Let q(u) = -u**3 - 11*u**2 - 12*u - 15. Let d be q(-10). Let t = 107 - d. Suppose -t = -n - 14. What is the tens digit of n?
8
Let o = 33 + -29. Suppose -q = z - o*q + 6, 0 = 3*z + 2*q - 4. Let p(y) = -y**3 + y**2 - y + 24. What is the tens digit of p(z)?
2
What is the hundreds digit of (86/(-8))/(15/351900*-15)?
8
Suppose 5*k - 134559 = 2*d, 645*k - 5*d + 134580 = 650*k. What is the hundreds digit of k?
9
Suppose -3*x = -15898 - 9707. Suppose -56*z = -71*z + x. What is the hundreds digit of z?
5
Suppose 3*m = 6*j - 3265 - 36098, -28 = -4*m. What is the thousands digit of j?
6
Let q = -17063 - -45144. What is the hundreds digit of q?
0
Let h = 31733 + 4377. Suppose h = -7*v + 30*v. What is the thousands digit of v?
1
Let h = 5946 + -3516. What is the units digit of h?
0
Let x be (-14 - -15)*(1 - 7). Let f be 3 + (-7 - x/2). What is the units digit of (46/f)/(-2)*3?
9
Let o(u) = -2*u + 34. Let j be o(8). Suppose 10*l = -j - 22. Let n(i) = 3*i**2 - 5*i - 9. What is the tens digit of n(l)?
5
Let k = -13186 - -45045. What is the ten thousands digit of k?
3
Suppose 338*x + 30 = 341*x. Suppose x*i = 4*i + 870. What is the tens digit of i?
4
Let s = -30 + 51. Let q = -70 + s. Let l = q - -51. What is the units digit of l?
2
Let c(j) = 18*j + 60. Let w be c(13). Let z = w - 205. What is the units digit of z?
9
Suppose -10 = 5*q - 0*v + 2*v, 2*v + 10 = -q. Suppose -5*d - 5*p = q, 5*p - 4 + 20 = 3*d. What is the units digit of (1 - d/4)/(13/884)?
4
Let p = -5 - -8. Suppose 5*n + 2*a = 27, -5*n = -10*n - 5*a + 15. What is the units digit of 82/p*(1 + n/2)?
3
Let p(t) = 2*t**3 - 2*t**2 - 5*t + 7. Let u be p(2). Suppose 0 = -v + 3*v + 5*a - 526, -u*v = -4*a - 1348. Let x = v - 171. What is the units digit of x?
7
Let g(b) = -2*b**2 - 3*b + 18. Let d(w) = 3*w**2 + 2*w - 17. Let l(c) = 3*d(c) + 4*g(c). What is the hundreds digit of l(-15)?
3
Let y = -9653 + 15417. What is the tens digit of y?
6
Suppose -4*x - 7 + 23 = 0. What is the tens digit of -10*x/(-8) + 198?
0
What is the tens digit of (174135/(-94))/((-3)/48)?
4
Let f be (60/(-45))/(-2*2/9). Suppose 5*d - f*m = m + 1692, -3*d + 1011 = -m. What is the units digit of d?
6
Suppose -43182 - 39440 + 33131 = -13*l. What is the units digit of l?
7
Let u(v) = 2*v**2 + 5 - 2*v - 2*v - v**2 + v**2. Suppose 6*r + 15 = 3*r. What is the units digit of u(r)?
5
Suppose 0 = -6*r - 60 + 12. Let z(p) = -p**3 - 7*p**2 + 9*p + 10. Let h be z(r). Suppose -26 = -h*k + 112. What is the tens digit of k?
6
Let f be 3*1/(6/4). Let p(x) = -7*x - 3*x - x**3 + 5 + 0*x + 12*x**2 - 4*x**f. What is the tens digit of p(6)?
1
Let m = -4186 + 12875. What is the hundreds digit of m?
6
What is the units digit of (-106826)/(-7) - (-30)/210?
1
Suppose -12 = -4*r + 2*y, 2*r - 3 - 3 = 4*y. Suppose 3*f - 785 = -u, 2343 = -0*u + r*u + 3*f. What is the tens digit of u?
7
Let g = 4190 - 2176. What is the units digit of g?
4
Let o = -20783 - -29862. What is the hundreds digit of o?
0
Let f = -3523 - -5024. Let x = f - 139. What is the thousands digit of x?
1
Suppose p - 16*d - 97 = -15*d, 5*p + 5*d = 435. Let z = p + 464. What is the tens digit of z?
5
Let g be (30/(-1))/((-3 + -7)/5). Let k be 106/(6/g*5). Let b = k - 26. What is the units digit of b?
7
Let i(z) = 1 + 6 + 2 - 8*z + 14*z. Let l be i(9). Suppose -396 = -5*q - u, -2*q - 5*u + 203 = l. What is the units digit of q?
0
Let n = -7152 - -7207. Suppose -2*w - 2*p + 26 = 0, -4*w - p = -6*p - 7. Suppose -7*y - n = -w*y. What is the units digit of y?
5
Let p(h) = -h + 36. Let b be p(-15). Let o = b + -39. What is the hundreds digit of ((-258)/o)/(1/(-10)) + -1?
2
Suppose -j + 40 = 7*j. Let z(w) = 156*w + 77. What is the tens digit of z(j)?
5
Let p = 27 + -17. Suppose 0*w - p*w + 100 = 0. Suppose 3*b + 6*y - 636 = w*y, 4*b - 848 = 2*y. What is the hundreds digit of b?
2
Let n = -7555 + 22443. What is the units digit of n?
8
Let h(v) = -25*v - 216. Let p(t) = -13*t - 110. Let m(r) = 4*h(r) - 9*p(r). What is the units digit of m(24)?
4
Let m(b) = -b**3 + 17*b**2 + 18*b - 40. Let s be m(15). Let k = 1385 - s. What is the tens digit of k?
0
Let p be -2 + 12 + 2*21/(-14). Let s(x) be the first derivative of 4*x**3/3 - 23*x**2/2 + 8*x - 3. What is the tens digit of s(p)?
4
Let x(i) = 8*i + 1 - 2 + i - 7. Let t be x(7). Let k = 152 - t. What is the tens digit of k?
9
Suppose -172*a + 40 = -167*a. What is the hundreds digit of 3345/6 + 78/(-12) + a?
5
Let s(a) = 5*a**3 - 2*a**2 - 13*a + 14. Let v be s(1). What is the units digit of v/40*-4*1390/(-4)?
9
What is the units digit of (12/24)/(9*8/7414992)?
3
Let z(p) = p. Let x(j) = 530*j - 1. Let w(a) = -x(a) + 6*z(a). What is the tens digit of w(-1)?
2
Let v(l) = l**2 + 9*l + 3. Let y(m) = 9*m**2 - 2*m + 2. Let d be y(1). What is the units digit of v(d)?
5
Suppose 0 = -402*l + 420*l + 234. Let u(a) = a**3 - a**2 + a + 25. Let b be u(0). Let c = l + b. What is the units digit of c?
2
Let j(g) = 4*g**2 - 273*g - 2910. What is the units digit of j(124)?
2
Suppose 2*o - 1 = -z, 1 = -0*o - 4*o - z. What is the units digit of o/(4/16*(-20)/5525)?
5
Suppose -6 = -5*x + 14. Suppose 0 = -5*z - 3*u + 11 + 2, x*u - 8 = -2*z. Suppose 92 = 3*v - 4*q, 0*v + 130 = 4*v + z*q. What is the tens digit of v?
3
Let w = 20282 + -824. What is the units digit of w?
8
Let x(o) = -2*o**2 - 36*o - 109. Let y be x(-14). Let v(d) = 2*d + 1 + d + 2. What is the units digit of v(y)?
2
Suppose 753 = -4*u + 765. Let a(t) = 2*t**3 + 3*